ed by 443.
328
What is the remainder when 124632 is divided by 4447?
116
What is the remainder when 3974 is divided by 619?
260
What is the remainder when 785871 is divided by 196063?
1619
Calculate the remainder when 7707 is divided by 6091.
1616
Calculate the remainder when 142089 is divided by 9454.
279
What is the remainder when 2920625 is divided by 132?
125
Calculate the remainder when 29872 is divided by 4211.
395
What is the remainder when 1977932 is divided by 56?
12
What is the remainder when 384788 is divided by 192291?
206
Calculate the remainder when 9385547 is divided by 182.
171
Calculate the remainder when 1214376 is divided by 303589.
20
What is the remainder when 4093806 is divided by 8?
6
Calculate the remainder when 62821664 is divided by 154.
136
What is the remainder when 37219 is divided by 1161?
67
Calculate the remainder when 4196388 is divided by 55.
53
What is the remainder when 571866 is divided by 342?
42
What is the remainder when 87575 is divided by 16799?
3580
What is the remainder when 117485275 is divided by 1154?
1151
What is the remainder when 5892266 is divided by 146?
144
Calculate the remainder when 112972 is divided by 18676.
916
Calculate the remainder when 1240136 is divided by 126.
44
Calculate the remainder when 1525474 is divided by 381361.
30
What is the remainder when 174036371 is divided by 125?
121
Calculate the remainder when 338185031 is divided by 9.
5
Calculate the remainder when 3700791 is divided by 223.
106
Calculate the remainder when 818055 is divided by 7783.
840
Calculate the remainder when 128227 is divided by 40558.
6553
Calculate the remainder when 549395 is divided by 111.
56
Calculate the remainder when 718971 is divided by 1741.
1679
Calculate the remainder when 36595 is divided by 18177.
241
Calculate the remainder when 838356 is divided by 2272.
2260
What is the remainder when 9828 is divided by 133?
119
What is the remainder when 450348 is divided by 56249?
356
What is the remainder when 359444 is divided by 712?
596
What is the remainder when 116785 is divided by 58274?
237
Calculate the remainder when 8860 is divided by 2073.
568
Calculate the remainder when 185961 is divided by 23210.
281
Calculate the remainder when 5700 is divided by 299.
19
Calculate the remainder when 3966919 is divided by 1962.
1717
Calculate the remainder when 1054666 is divided by 150652.
102
What is the remainder when 2481813 is divided by 80?
53
Calculate the remainder when 339320 is divided by 716.
652
What is the remainder when 101453 is divided by 1201?
569
Calculate the remainder when 215170529 is divided by 3043.
3042
What is the remainder when 341293 is divided by 5418?
5377
What is the remainder when 239020 is divided by 39829?
46
Calculate the remainder when 6769335 is divided by 81557.
104
What is the remainder when 268282869 is divided by 142?
139
What is the remainder when 3613074 is divided by 722610?
24
Calculate the remainder when 352645 is divided by 117431.
352
What is the remainder when 2787591 is divided by 853?
840
Calculate the remainder when 4742034 is divided by 942.
6
What is the remainder when 195812461 is divided by 2303676?
1
What is the remainder when 9436174 is divided by 21?
13
What is the remainder when 22844938 is divided by 27392?
10
What is the remainder when 450681 is divided by 37?
21
Calculate the remainder when 21835 is divided by 4376.
4331
Calculate the remainder when 1312339 is divided by 148.
23
What is the remainder when 3103727 is divided by 2005?
1992
What is the remainder when 106488 is divided by 495?
63
What is the remainder when 80861 is divided by 79313?
1548
What is the remainder when 41163 is divided by 134?
25
Calculate the remainder when 141061 is divided by 46975.
136
Calculate the remainder when 593682 is divided by 202.
4
Calculate the remainder when 815568 is divided by 3776.
3728
What is the remainder when 103055286 is divided by 51527641?
4
What is the remainder when 17491678 is divided by 75?
28
What is the remainder when 356101 is divided by 2699?
2532
What is the remainder when 1024290 is divided by 210?
120
What is the remainder when 30543301 is divided by 124?
117
What is the remainder when 36710810 is divided by 837?
827
What is the remainder when 336770 is divided by 84174?
74
What is the remainder when 3708408 is divided by 1705?
33
Calculate the remainder when 29343 is divided by 14667.
9
Calculate the remainder when 225898 is divided by 3895.
3883
Calculate the remainder when 1722 is divided by 1429.
293
What is the remainder when 3488118 is divided by 273?
270
Calculate the remainder when 715200 is divided by 15547.
38
Calculate the remainder when 23690 is divided by 7376.
1562
What is the remainder when 4111 is divided by 263?
166
Calculate the remainder when 7376654 is divided by 2458881.
11
Calculate the remainder when 666969 is divided by 332928.
1113
What is the remainder when 68731 is divided by 34360?
11
What is the remainder when 1682727 is divided by 17712?
87
Calculate the remainder when 3765 is divided by 236.
225
Calculate the remainder when 1181312 is divided by 25676.
216
Calculate the remainder when 1066239 is divided by 560.
559
What is the remainder when 3732909 is divided by 1866266?
377
What is the remainder when 5336896 is divided by 130168?
8
Calculate the remainder when 4581188 is divided by 916235.
13
Calculate the remainder when 883890 is divided by 24.
18
Calculate the remainder when 2449922 is divided by 62.
54
What is the remainder when 34504 is divided by 8610?
64
Calculate the remainder when 1256339 is divided by 958.
401
What is the remainder when 194098 is divided by 194096?
2
Calculate the remainder when 1737407 is divided by 173726.
147
Calculate the remainder when 317902 is divided by 12667.
1227
What is the remainder when 25421 is divided by 12246?
929
Calculate the remainder when 29397259 is divided by 3516.
3499
What is the remainder when 228944 is divided by 82?
0
What is the remainder when 435272 is divided by 11?
2
Calculate the remainder when 10394964 is divided by 3116.
3104
Calculate the remainder when 2935571 is divided by 7.
2
What is the remainder when 1863618 is divided by 91?
29
Calculate the remainder when 4591025 is divided by 5211.
134
Calculate the remainder when 80749238 is divided by 2559.
2552
Calculate the remainder when 290474 is divided by 10743.
413
Calculate the remainder when 9799019 is divided by 14.
13
Calculate the remainder when 977660 is divided by 41.
15
Calculate the remainder when 5457397 is divided by 18375.
22
What is the remainder when 21151568 is divided by 74216?
8
What is the remainder when 275448 is divided by 102?
48
Calculate the remainder when 108586 is divided by 21643.
371
What is the remainder when 36437 is divided by 1781?
817
Calculate the remainder when 38373462 is divided by 141.
30
What is the remainder when 362213 is divided by 948?
77
What is the remainder when 358831 is divided by 328?
327
What is the remainder when 6826432 is divided by 175?
32
Calculate the remainder when 10722772 is divided by 1191404.
136
What is the remainder when 541839 is divided by 15051?
3
Calculate the remainder when 559963 is divided by 19.
14
What is the remainder when 5641107 is divided by 583?
582
Calculate the remainder when 747907 is divided by 1019.
980
Calculate the remainder when 6506103 is divided by 2018.
71
Calculate the remainder when 1721329 is divided by 68.
45
What is the remainder when 2150313 is divided by 595?
578
Calculate the remainder when 1689195 is divided by 563064.
3
What is the remainder when 36187961 is divided by 93028?
69
What is the remainder when 70175 is divided by 870?
575
What is the remainder when 456465 is divided by 25305?
975
What is the remainder when 1700553 is divided by 340108?
13
Calculate the remainder when 31240 is divided by 6247.
5
Calculate the remainder when 456147 is divided by 12533.
4959
Calculate the remainder when 280083140 is divided by 1434.
1430
What is the remainder when 700538 is divided by 77833?
41
Calculate the remainder when 326127 is divided by 4348.
27
What is the remainder when 17370399 is divided by 2895065?
9
Calculate the remainder when 5935146 is divided by 1483752.
138
Calculate the remai